(o) = -o**3 - 14*o**2 - 12*o + 7. Let h be y(-13). Let j(l) = l**2 + 6*l. Calculate j(h).
0
Let s(d) = 3*d - 34. Let m be s(12). Let v(g) be the second derivative of 0 - 2*g + 0*g**3 + m*g**2 - 1/12*g**4. Give v(0).
4
Suppose 2*n - t = 1, 0 = -3*t - 1 - 2. Let u(m) be the first derivative of m**3/6 - 5*m**2/2 + 5*m - 6. Let k(g) be the first derivative of u(g). What is k(n)?
-5
Suppose -3*w = -4 - 11. Let t(n) = -n + 4. Calculate t(w).
-1
Let x(w) = -w**3 + 21*w**2 - 19*w - 15. Let s be x(20). Let o(h) = h**2 - 6*h + 6. Calculate o(s).
1
Let b = -1 - -2. Let n(h) be the first derivative of 2*h**2 + b + 2*h - 4*h + 0*h. Determine n(2).
6
Let d(q) = -4*q - 8. Let n be d(-5). Let y(p) = 1 + 7*p - 2*p**2 + n*p - 21*p. Give y(1).
-3
Let h(z) be the second derivative of -z**4/12 + z**3/6 + 7*z**2/2 + z. Suppose -s + 11 = -3*r, -s - 2*r + 1 = -0*s. Give h(s).
-13
Let v(n) = n**3 + 4*n**3 + 2*n**2 + n - 2*n. Let f(a) = a - 1. Let t = -7 - -9. Let x be f(t). Determine v(x).
6
Let p(o) be the second derivative of o**3/2 + o. Let l(r) = -2*r**3 - 2*r**2 + 1. Let n be l(-1). Let k be p(n). Let h(d) = d**3 - 3*d**2 - 2. Give h(k).
-2
Let o(i) = 14*i**2 + 15*i + 20. Let v(k) = -5*k**2 - 5*k - 7. Let l(r) = -4*o(r) - 11*v(r). What is l(-3)?
3
Suppose -5*g = -2*x + 4, 2*x + 3*g = -2*g - 16. Let c(b) = -1 + b + 6 - 1. What is c(x)?
1
Let z(w) = -18*w + 2 - 4*w**2 - 17*w + 57*w - 24*w. What is z(-2)?
-10
Let q(v) be the third derivative of -1/3*v**3 + 0*v + 0 + v**2 - 1/8*v**4 - 1/30*v**5. What is q(-3)?
-11
Let y(p) be the third derivative of -p**5/60 + p**4/24 + 2*p**3/3 - 5*p**2. Determine y(-3).
-8
Let g(n) = n**2 + n - 1. Let h(q) = q**3 - 6*q**2 - 7*q - 6. Let c be h(7). Let y be 24/(-18)*c/(-4). Calculate g(y).
1
Let u(t) = -t**3 + 4*t**2 - 3*t. Let o be u(3). Let f be o + (2 + -1)*1. Let x(p) = -9*p - 3. Let g(c) = 8*c + 2. Let y(a) = 4*g(a) + 3*x(a). Determine y(f).
4
Let y(b) = -b**2 + 6*b - 5. Suppose -18*f + 36 = -9*f. Determine y(f).
3
Suppose -2*d - 5 = -31. Let i = d + -13. Let m(h) = h**2 + 3. Determine m(i).
3
Let l(o) be the second derivative of 1/5*o**5 - 1/3*o**3 + o + 0 - 1/2*o**2 - 1/6*o**4. Let n be (-36)/27 + (-1)/(-3). What is l(n)?
-5
Let p(f) = -4*f**2 + 6*f**2 + 7 + 3*f**2 - 6*f**2. Determine p(0).
7
Suppose -10*a = -5*a + 25. Let d(g) = g**3 + 6*g**2 + 4*g - 6. What is d(a)?
-1
Let d be 2/13 + (-134)/26. Let c(j) = -2*j - 7 - j + 2*j. Calculate c(d).
-2
Let z(v) = v**2 - v. Suppose 4 = -11*d + 13*d. Calculate z(d).
2
Let c(o) = o**3 - o + 2. Let r = -5 - -13. Let i(t) = t - 10. Let n be i(r). Calculate c(n).
-4
Let j(i) = -i + 1. Let s = 6 - 3. Suppose -l + 15 = s*g, l - 5*l + 8 = -g. Suppose -n - 2 = 0, l*w - 2*n = -9 + 1. Calculate j(w).
5
Let h(v) = 5*v**3 - v**2 - v. Suppose 6*t = l + 8*t - 1, 2*l = t - 3. What is h(l)?
-5
Let x(a) be the second derivative of a**3/3 - a**2 + 6*a + 3. Suppose -3 = 5*i - 23. Calculate x(i).
6
Suppose 0 = -3*h - 6 - 0, 0 = j + 5*h + 8. Suppose 0*c + j*c = 32. Let y be c/(-8)*1/(-2). Let g(m) = -2*m**2 - m + 1. Give g(y).
-2
Suppose 0 - 5 = 5*a, 2*a = 4*o + 22. Let c(p) = -p**2 - 5*p - 6. What is c(o)?
-12
Let w(b) = -3*b - 1. Let j be -4 - (3 - 5) - -1. Give w(j).
2
Let m(i) be the first derivative of i**3/3 + 3*i**2 - 8*i - 39. Calculate m(-6).
-8
Let b(t) = -t**3 + 6*t**2 - 4*t - 7. Suppose 2 = -2*v + 12. Calculate b(v).
-2
Suppose 17*w - 4 = 18*w. Let a(o) = -o**3 - 4*o**2 + o - 2. Determine a(w).
-6
Let t be (-2)/(-3) + (-3)/(-9). Let l(f) = -3*f + t - f + 2*f - 6*f. Give l(1).
-7
Let k be 2/8 + (-2)/(-8). Let y(z) be the second derivative of -3*z**2 - z + k*z**3 + 0. What is y(4)?
6
Let n be (-6)/(-27) + 20/(-9). Let j(f) = -f + 3*f + 1 + 5*f - 6*f. Give j(n).
-1
Let v(r) = r + 18 - 32 + 15. What is v(-1)?
0
Let k = 6 + -4. Let z(y) be the first derivative of y**4/4 - y**3 + 2*y**2 - 3*y - 197. Give z(k).
1
Let i(u) = -2 + 4 - 10*u - 3. Let r(b) = -b + 9. Let z be r(8). Determine i(z).
-11
Let k(h) = -h. Let d = -7 + 9. Suppose d*t + t + 15 = 0. What is k(t)?
5
Let q(s) = 2*s + 7. Let d(w) = 2 - 5 - w - w - 3. Let k be d(0). Determine q(k).
-5
Let s = 13 - 10. Let t(y) = 4 - 6 - y + 5*y - y**2 - 2. Determine t(s).
-1
Let x(y) = -5*y**2 + 13. Let g(j) = -4*j**2 - j + 12. Let a(h) = 6*g(h) - 5*x(h). Calculate a(5).
2
Let z(v) = 0*v**2 + 8*v - 1 + 4*v**2 + 2*v**3 + 2*v**2 - 3*v**3. Determine z(7).
6
Let k(a) = 1 - 21*a**3 + 9*a + 20*a**3 + 8 - 5*a**2. What is k(-6)?
-9
Suppose 5*b - 6*r + 7 = -2*r, -r = -5*b + 2. Suppose 2*v + 9 = 5*v. Let f(m) = 2 + 2*m + 9*m**v - 1 - 9 - m**2 + 7. What is f(b)?
9
Let b(q) = -5*q + 1. Suppose -w = -4*n + 25 - 11, 5*w - 3*n = -2. What is b(w)?
-9
Let y = -3 - -1. Let p(b) be the second derivative of b**6/360 + b**5/30 + b**4/24 + b**3/3 + 2*b. Let u(d) be the second derivative of p(d). Determine u(y).
-3
Let h = 36 - 31. Let k(a) = -a**2 + 6*a - 1. Determine k(h).
4
Let h(y) = -4*y**2 + 6*y - 9. Let m(x) be the second derivative of -x**4/6 + x**3/2 - 2*x**2 + x. Suppose 1 - 8 = -k. Let g(b) = k*m(b) - 3*h(b). What is g(2)?
-3
Let j(a) be the first derivative of -6 + 0*a + 1/3*a**3 + 0*a**2. Determine j(1).
1
Let l = 23 - 23. Let z(y) = 0*y + 1 + l*y + 4*y. Give z(-1).
-3
Let u(v) = -7*v**3 + 8*v**2 + 4*v - 12. Let m(w) = 15*w**3 - 16*w**2 - 7*w + 24. Let c(x) = -6*m(x) - 13*u(x). Give c(9).
3
Let d be -12*(-9)/48*-4. Let z = d - -7. Let b(f) = f**3 - 2*f - 3. Give b(z).
-7
Let u(x) be the third derivative of 0 + x**2 + 0*x + 1/2*x**3 + 1/6*x**4. Let i be 1 + -2 - (-3)/(-3). Calculate u(i).
-5
Let n(i) = 24*i - 2*i**2 + 22*i + 6 - 50*i. Give n(-5).
-24
Let i(w) be the first derivative of -2*w**2 - 23. Let f = 2 + 0. Determine i(f).
-8
Let s be 10*(-1)/(-3)*(-18)/12. Let l(i) be the first derivative of -i**2 - 5*i + 1. Give l(s).
5
Let i(n) be the third derivative of -n**8/20160 - n**7/1680 - n**6/360 - n**5/30 + 4*n**2. Let c(a) be the third derivative of i(a). Let q = -2 - 0. Give c(q).
0
Let u be 9 + 0 + -4 + -4. Let x(h) = -6*h**3 + h**2. Calculate x(u).
-5
Let l(y) = y**2 + y - 2. Let g = 3 + -4. Let t = g + 6. Let b be 4/(-10) + 12/t. Give l(b).
4
Let m(o) = 91*o**2 - o**3 + 1 - 2 - 97*o**2. Give m(-6).
-1
Let b be -1 + -3 + 8 - 2. Suppose w = -3*n + n + 12, b*n - 4*w + 8 = 0. Let f(k) = k**2 - 6*k. What is f(n)?
-8
Let q(g) = g**2 - 6*g - 17. Let r be q(8). Let f(s) = 7*s**2 + 5*s - 3*s - s + 1. What is f(r)?
7
Let q = 0 + -4. Let n be (1/(-2))/(1/2). Let y = n - q. Let i(x) = -x**2 + 5*x - 4. What is i(y)?
2
Let c be ((-1)/(-3))/((-7)/(-84)). Let j(m) = m - 1. Let v(f) be the first derivative of -f**3/3 - 4*f**2 + 6*f + 2. Let h(i) = c*j(i) + v(i). What is h(-5)?
-3
Let m = 2 + -7. Let y(q) = -q**2 - 6*q. Let u(z) = z + 1. Let v(s) = -3*u(s) - y(s). What is v(m)?
7
Suppose -6*p + 3*p = 12. Let x(f) = -f**2 - 4*f. Calculate x(p).
0
Let r(w) = -w**2 + 6*w - 4. Suppose -2*p - b - 12 = -6*p, 5*p = b + 14. Suppose -q = -3*t + 13, -5*t - p*q = -5*q - 19. What is r(t)?
1
Let n(c) be the second derivative of c**4/12 + 2*c**2 - 6*c. Suppose 12 = -i + 3*y, -4*i + 2 + 30 = 4*y. Let g = 3 - i. Determine n(g).
4
Let u(a) = -1 + 5*a**2 + a + 0*a**2 + 7*a**2 - 14*a**2. Give u(-3).
-22
Let o(n) = -2*n**2 + n - 8. Let s(u) = -2*u**2 - 7. Let a(x) = -6*o(x) + 7*s(x). Let g be (-3)/(-4) - 57/12. Give a(g).
-9
Let r(a) be the third derivative of a**6/60 + a**5/60 - a**4/24 + 4*a**2. What is r(1)?
2
Let l(o) = 3*o - 2. Let b(f) = -4*f + 3. Let r(h) = -2*b(h) - 3*l(h). Let y(i) = 2. Suppose 3*w = 2 + 4. Let d(z) = w*r(z) + y(z). Give d(-2).
6
Let w(r) = -6 + 5 - r**2 + 3 + r. Determine w(4).
-10
Let t(v) be the third derivative of v**5/60 + v**4/6 - v**3/3 - 44*v**2. Calculate t(-5).
3
Let d(l) = -8*l - 3*l + l - l**2 + 4*l + 10. Determine d(-7).
3
Suppose -16 = 2*p + 2*h, 0 = 2*p + p + 5*h + 32. Let n(k) = -k - 11. Let g(y) = -2*y - 21. Let s(u) = 4*g(u) - 7*n(u). Calculate s(p).
-3
Let f(y) = 7*y + 5 + y**3 + 4*y - 2*y - 11*y**2 + 3. Let j be f(10). Let h be 2 + 0/(1*j). Let x(n) = -2*n**3 + 2*n**2 + 2*n - 1. Give x(h).
-5
Let p(c) = -c**2 - 5*c + 9. Suppose 12 = -3*u - 2*g - 12, -2*g + 32 = -4*u. What is p(u)?
-15
Let w be 3/2*(-10)/(-3). Let p(g) = -g**2 + 4*g - 2. Let v(x) = -2*x**2 + 7*x - 4. Let t(o) = 5*p(o) - 2*v(o). Calculate t(w).
3
Let w(a) = -12 + 1 - 21*a + 35